{"id":105,"date":"2020-12-02T17:58:33","date_gmt":"2020-12-02T16:58:33","guid":{"rendered":"http:\/\/bru-home.ulb.be\/wordpress\/?page_id=105"},"modified":"2023-07-05T14:01:51","modified_gmt":"2023-07-05T12:01:51","slug":"cartographie-des-expulsions","status":"publish","type":"page","link":"https:\/\/bru-home.ulb.be\/wordpress\/fr\/cartographie-des-expulsions\/","title":{"rendered":"Cartographie des expulsions"},"content":{"rendered":"\n<figure class=\"wp-block-image size-large\"><img loading=\"lazy\" decoding=\"async\" width=\"1024\" height=\"467\" src=\"http:\/\/bru-home.ulb.be\/wordpress\/wp-content\/uploads\/2020\/10\/Carto_filtre-1024x467.png\" alt=\"\" class=\"wp-image-67\" srcset=\"https:\/\/bru-home.ulb.be\/wordpress\/wp-content\/uploads\/2020\/10\/Carto_filtre-1024x467.png 1024w, https:\/\/bru-home.ulb.be\/wordpress\/wp-content\/uploads\/2020\/10\/Carto_filtre-300x137.png 300w, https:\/\/bru-home.ulb.be\/wordpress\/wp-content\/uploads\/2020\/10\/Carto_filtre-768x351.png 768w, https:\/\/bru-home.ulb.be\/wordpress\/wp-content\/uploads\/2020\/10\/Carto_filtre-1536x701.png 1536w, https:\/\/bru-home.ulb.be\/wordpress\/wp-content\/uploads\/2020\/10\/Carto_filtre-1568x716.png 1568w, https:\/\/bru-home.ulb.be\/wordpress\/wp-content\/uploads\/2020\/10\/Carto_filtre.png 1700w\" sizes=\"auto, (max-width: 1024px) 100vw, 1024px\" \/><\/figure>\n\n\n\n<p class=\"wp-block-paragraph\">Une des difficult\u00e9s pour comprendre la situation des expulsions de logement \u00e0 Bruxelles est le manque de donn\u00e9es fiables et compl\u00e8tes. Pour y rem\u00e9dier, nous avons collect\u00e9 les donn\u00e9es aupr\u00e8s des diff\u00e9rentes justices de paix bruxelloises pour l\u2019ann\u00e9e 2018. In\u00e9dite, cette base de donn\u00e9es indique le nombre de familles expuls\u00e9es par voie judiciaire, la distribution g\u00e9ographique de ces expulsions et les profils des personnes impliqu\u00e9es (locataires et bailleurs). Les cartes interactives ci-dessous permettent de visualiser les r\u00e9sultats.<\/p>\n\n\n\n<ul class=\"wp-block-list\">\n<li><a rel=\"noreferrer noopener\" href=\"http:\/\/bru-home.ulb.be\/municipality\/\" target=\"_blank\">Carte interactive \u00e0 l\u2019\u00e9chelle communale<\/a><\/li>\n\n\n\n<li><a href=\"https:\/\/bru-home.ulb.be\/district\/\" data-type=\"URL\" data-id=\"https:\/\/bru-home.ulb.be\/district\/\" target=\"_blank\" rel=\"noreferrer noopener\">Carte interactive \u00e0 l\u2019\u00e9chelle des quartiers<\/a><\/li>\n<\/ul>\n\n\n\n<p class=\"wp-block-paragraph\">L&rsquo;article \u00ab <a rel=\"noreferrer noopener\" href=\"https:\/\/journals.openedition.org\/brussels\/6434\" target=\"_blank\">Les expulsions de logement \u00e0 Bruxelles : combien, qui et o\u00f9\u00a0?<\/a> \u00bb et le rapport \u00ab <a rel=\"noreferrer noopener\" href=\"https:\/\/bru-home.ulb.be\/reports\/bh_rapport_quanti.pdf\" target=\"_blank\">\u00c9tat des lieux chiffr\u00e9 et spatialis\u00e9 des expulsions de logement \u00e0 Bruxelles<\/a> \u00bb d\u00e9crivent la m\u00e9thodologie et interpr\u00e8tent ces donn\u00e9es.<\/p>\n","protected":false},"excerpt":{"rendered":"<p>Une des difficult\u00e9s pour comprendre la situation des expulsions de logement \u00e0 Bruxelles est le manque de donn\u00e9es fiables et compl\u00e8tes. Pour y rem\u00e9dier, nous avons collect\u00e9 les donn\u00e9es aupr\u00e8s des diff\u00e9rentes justices de paix bruxelloises pour l\u2019ann\u00e9e 2018. In\u00e9dite, cette base de donn\u00e9es indique le nombre de familles expuls\u00e9es par voie judiciaire, la distribution &hellip; <\/p>\n<p class=\"link-more\"><a href=\"https:\/\/bru-home.ulb.be\/wordpress\/fr\/cartographie-des-expulsions\/\" class=\"more-link\">Continue reading<span class=\"screen-reader-text\"> \u00ab\u00a0Cartographie des expulsions\u00a0\u00bb<\/span><\/a><\/p>\n","protected":false},"author":1,"featured_media":0,"parent":0,"menu_order":0,"comment_status":"closed","ping_status":"closed","template":"","meta":{"footnotes":""},"class_list":["post-105","page","type-page","status-publish","hentry","entry"],"_links":{"self":[{"href":"https:\/\/bru-home.ulb.be\/wordpress\/wp-json\/wp\/v2\/pages\/105","targetHints":{"allow":["GET"]}}],"collection":[{"href":"https:\/\/bru-home.ulb.be\/wordpress\/wp-json\/wp\/v2\/pages"}],"about":[{"href":"https:\/\/bru-home.ulb.be\/wordpress\/wp-json\/wp\/v2\/types\/page"}],"author":[{"embeddable":true,"href":"https:\/\/bru-home.ulb.be\/wordpress\/wp-json\/wp\/v2\/users\/1"}],"replies":[{"embeddable":true,"href":"https:\/\/bru-home.ulb.be\/wordpress\/wp-json\/wp\/v2\/comments?post=105"}],"version-history":[{"count":7,"href":"https:\/\/bru-home.ulb.be\/wordpress\/wp-json\/wp\/v2\/pages\/105\/revisions"}],"predecessor-version":[{"id":345,"href":"https:\/\/bru-home.ulb.be\/wordpress\/wp-json\/wp\/v2\/pages\/105\/revisions\/345"}],"wp:attachment":[{"href":"https:\/\/bru-home.ulb.be\/wordpress\/wp-json\/wp\/v2\/media?parent=105"}],"curies":[{"name":"wp","href":"https:\/\/api.w.org\/{rel}","templated":true}]}}

<figure class="wp-block-image size-large"><img loading="lazy" decoding="async" width="1024" height="467" src="http://bru-home.ulb.be/wordpress/wp-content/uploads/2020/10/Carto_filtre-1024x467.png" alt="" class="wp-image-67" srcset="https://bru-home.ulb.be/wordpress/wp-content/uploads/2020/10/Carto_filtre-1024x467.png 1024w, https://bru-home.ulb.be/wordpress/wp-content/uploads/2020/10/Carto_filtre-300x137.png 300w, https://bru-home.ulb.be/wordpress/wp-content/uploads/2020/10/Carto_filtre-768x351.png 768w, https://bru-home.ulb.be/wordpress/wp-content/uploads/2020/10/Carto_filtre-1536x701.png 1536w, https://bru-home.ulb.be/wordpress/wp-content/uploads/2020/10/Carto_filtre-1568x716.png 1568w, https://bru-home.ulb.be/wordpress/wp-content/uploads/2020/10/Carto_filtre.png 1700w" sizes="auto, (max-width: 1024px) 100vw, 1024px" /></figure>



<p class="wp-block-paragraph">Une des difficultés pour comprendre la situation des expulsions de logement à Bruxelles est le manque de données fiables et complètes. Pour y remédier, nous avons collecté les données auprès des différentes justices de paix bruxelloises pour l’année 2018. Inédite, cette base de données indique le nombre de familles expulsées par voie judiciaire, la distribution géographique de ces expulsions et les profils des personnes impliquées (locataires et bailleurs). Les cartes interactives ci-dessous permettent de visualiser les résultats.</p>



<ul class="wp-block-list">
<li><a rel="noreferrer noopener" href="http://bru-home.ulb.be/municipality/" target="_blank">Carte interactive à l’échelle communale</a></li>



<li><a href="https://bru-home.ulb.be/district/" data-type="URL" data-id="https://bru-home.ulb.be/district/" target="_blank" rel="noreferrer noopener">Carte interactive à l’échelle des quartiers</a></li>
</ul>



<p class="wp-block-paragraph">L&rsquo;article « <a rel="noreferrer noopener" href="https://journals.openedition.org/brussels/6434" target="_blank">Les expulsions de logement à Bruxelles : combien, qui et où ?</a> » et le rapport « <a rel="noreferrer noopener" href="https://bru-home.ulb.be/reports/bh_rapport_quanti.pdf" target="_blank">État des lieux chiffré et spatialisé des expulsions de logement à Bruxelles</a> » décrivent la méthodologie et interprètent ces données.</p>

<p>Une des difficultés pour comprendre la situation des expulsions de logement à Bruxelles est le manque de données fiables et complètes. Pour y remédier, nous avons collecté les données auprès des différentes justices de paix bruxelloises pour l’année 2018. Inédite, cette base de données indique le nombre de familles expulsées par voie judiciaire, la distribution &hellip; </p>
<p class="link-more"><a href="https://bru-home.ulb.be/wordpress/fr/cartographie-des-expulsions/" class="more-link">Continue reading<span class="screen-reader-text"> « Cartographie des expulsions »</span></a></p>
